n + 2*m - 8, -n = m - 6. Suppose 2*s + n*u - 16 = 0, 4*s + s - 105 = 3*u. Let x = -6 + s. What is the units digit of x?
2
Let h(s) = 2 - 9*s + 2 - 9. What is the units digit of h(-7)?
8
Suppose -t - d + 315 = 0, -2*t + 939 = -5*d + 288. Suppose 0 = 5*x - 11*x + t. What is the units digit of x?
3
Suppose 0 = -2*y + 3*y + f - 151, -2*f - 438 = -3*y. Suppose 0 = -4*p - 48 + y. What is the tens digit of p?
2
Let f = 42 + -38. Suppose f*o - 9*o + 670 = 0. What is the tens digit of (-8 - -5)/((-6)/o)?
6
Let c be (2 - 0) + 208/2. Suppose -c = -j - j. What is the tens digit of j?
5
Let o(l) = 7 + l - 48*l**2 + 25*l**2 + 25*l**2. What is the tens digit of o(7)?
1
What is the tens digit of (-3732)/1*16/(-64)?
3
Suppose -65*o + 75*o = 6990. What is the hundreds digit of o?
6
Let m = -369 + 663. What is the hundreds digit of m?
2
Suppose 23*u - 10367 = 33977. What is the tens digit of u?
2
Let v(s) = s**2 - 3*s - 9. Let o be v(5). What is the tens digit of (o - (-6)/(-4))*-164?
8
Let j(g) = -g**3 - 7*g**2 - 5*g - 5. Let a be j(-6). Let p(v) be the third derivative of -v**4/12 + 5*v**3/3 - 2*v**2 + 54*v. What is the units digit of p(a)?
2
Let f = 21 - 18. Suppose 2*v - f*o = -0*v + 156, o + 241 = 3*v. What is the units digit of v?
1
Let r(b) = 0*b**2 + 6 + b**2 + 0*b**2 - 5*b. Let n be r(4). Suppose -45 = -n*v + 25. What is the tens digit of v?
3
Let c = -31 + 36. Suppose -c*l - 7*n + 4*n + 499 = 0, -5*l + n = -507. What is the units digit of l?
1
Let f be 188 - (0 - -6*(-8)/12). Suppose -3*j + 139 = -0*j + 2*i, -4*j - i = -f. What is the units digit of j?
9
Suppose 2660 = 4*x - 4*m, -m + 5*m - 1988 = -3*x. What is the hundreds digit of x?
6
Suppose -4*j = 5*v + 235, v + 235 = -4*v + 5*j. Let f = v + 31. What is the units digit of f/(-6) + 4/(-6)?
2
Let o(n) = n**3 - 9*n**2 + 8*n + 8. Let p be o(8). Suppose -z + 3*z = p. Suppose 3*u - 5*b - 23 = 4, z*u - b = 36. What is the units digit of u?
9
Suppose -3*o + 2*d = -731, o - 5*d - 17 - 205 = 0. What is the hundreds digit of o?
2
Suppose 6*q - 4*b - 1918 = 3*q, 5*b = 3*q - 1916. Suppose 29*u - 23*u = q. What is the tens digit of u?
0
Let k(g) = g**3 - 6*g**2 - g - 3. Let c be k(6). Let l = c - -11. Suppose -7 + 31 = 2*a - l*x, 57 = 4*a + 5*x. What is the tens digit of a?
1
Let k(x) = -x**3 + 28*x**2 + 22*x + 116. What is the units digit of k(26)?
0
Let k(j) = -j**2 - 7*j + 8. Suppose 3*b + 0*b - 2*v = -28, v = 2. Let h be k(b). What is the units digit of h + (3 - -2) - -2?
7
Let v = 162 + -158. Let p(f) = f**3 + 4*f**2 - 8*f - 4. Let x be p(-5). Suppose 0 = -v*z + 195 - x. What is the units digit of z?
6
Let f be (15/6 - 2)*10. Let n = f + 6. Suppose -4 = c - n. What is the units digit of c?
7
Let y(r) = -r**3 + 3*r**2 - r - 2. Let u be y(2). Suppose -4*s - 2*j = 41 - 147, j - 3 = u. What is the units digit of s?
5
What is the thousands digit of (2 - 1)/(55/270655)?
4
Let t be 4/(-10)*(26 - 1). Let l be (3 - (-36)/t)*5. What is the tens digit of (33/6)/(l/(-6))?
1
Suppose -2*z - z - 50 = -c, -4*z = 3*c + 58. Let a be (5/20)/((-2)/z). What is the units digit of 31/(2 - (a + -1))?
1
Let d(h) = -h**2 - 19*h + 26. Let p be d(-13). What is the units digit of (10 - 12)/(2 - p/50)?
5
What is the units digit of (10 - 175/10)*(-1646)/3?
5
Let l = 114 + 82. Suppose -9*s = -5*s - l. What is the units digit of s?
9
Let f(z) = z**2 - 4*z. Let g be f(4). Suppose -5*p = k - 40, -5*p - 35 = -4*k - g*k. What is the units digit of (-57)/12*(-1 - k)?
6
Let j(p) = -291*p - 5. What is the units digit of j(-1)?
6
Suppose -m - 3*y + 7 = 0, y + 27 = -m - 3*m. What is the units digit of 156 - (-4)/m*-2?
7
Suppose z - 289 - 361 = -t, 2*z = -4*t + 1300. What is the hundreds digit of z?
6
Suppose 5*r + 4*c - 17482 = 0, -4*c + c + 9 = 0. What is the tens digit of r?
9
Let a(s) = -266*s - 15. What is the thousands digit of a(-4)?
1
Let b(n) = -1324*n + 11. What is the tens digit of b(-1)?
3
Suppose -13*f = -8712 - 9592. What is the hundreds digit of f?
4
Suppose -l + 5*z = -444 - 149, 3*z = l - 587. What is the tens digit of l?
7
Suppose 0 = -3*u - 225 + 1527. Suppose 0 = -4*x + u + 58. What is the hundreds digit of x?
1
Let z be 7/2 - 4/(-8). Suppose 4*f + 96 = y, 3*y + 102 = z*y - f. What is the units digit of y?
4
Let p(h) = 3*h + 18. Suppose -3*l = -2*g - 3, -6 = -l - 1. Let k be p(g). Let j = -18 + k. What is the tens digit of j?
1
Suppose 3868 = 27*w - 7985. What is the tens digit of w?
3
Let u = -7 + 5. Let v(n) = -40*n - 9. What is the tens digit of v(u)?
7
Let v(k) = k**2 + 4*k - 7. Let a be v(-10). Suppose -4*p + 18 = 4*s + 2, 5*p = -4*s + 18. Suppose 3*b - i = 58, -p*b + 2*i + a = b. What is the tens digit of b?
2
Suppose 0 = 2*a - 4*d - 1680, -a + 711 = d - 123. What is the hundreds digit of a?
8
Suppose a + 5 - 4 = -p, -p = -5*a + 1. Suppose a*w - 5*w = -175. What is the units digit of w?
5
Let a(z) = 9*z**2 - 7*z - 71. What is the tens digit of a(-10)?
9
Let d = -2 + 7. Suppose -3*r = -d*s + 20, r + r = -2*s - 8. What is the units digit of r/4*(-10 + -2)?
5
Suppose j + 156 - 1640 = 0. What is the hundreds digit of j?
4
Let i = 1132 - 490. What is the hundreds digit of i?
6
What is the hundreds digit of 2 - (12/3 + -850)?
8
Let b = -396 - -1151. What is the hundreds digit of b?
7
Suppose -140 = -2*d + 2*y + y, y + 196 = 3*d. Let q(z) = 7*z**2 + 3*z - 1. Let p be q(5). Suppose -p = -5*u - d. What is the tens digit of u?
2
Suppose 2*t + 5*k + 155 - 1373 = 0, -3*k - 1218 = -2*t. What is the units digit of t?
9
Let i be (-147)/(-15) - 4/5. Suppose 0 = 11*z - i*z + 52. Let g = z + 36. What is the units digit of g?
0
Let a be (917/14)/(-2 + 5/2). Suppose -d = -60 - a. What is the tens digit of d?
9
Let p(h) = 13*h**2 - 96*h + 20. Let q(c) = 3*c**2 - 24*c + 5. Let f(b) = 2*p(b) - 9*q(b). What is the units digit of f(15)?
0
Suppose 43*u - 23910 = 33*u. What is the tens digit of u?
9
Let n = 1442 + -112. What is the units digit of n?
0
Suppose -5*b + 8691 = -1894. What is the hundreds digit of b?
1
Let d(l) = -4*l**2 - 26*l + 9. Let a be d(-9). Let m = 78 - a. What is the units digit of m?
9
Let b be (-6)/((-21)/(-6) + -4). Let p = -97 + -83. What is the tens digit of b/(-10)*p/8?
2
Let o(p) = -2*p**3 - 19*p**2 - 165*p + 4. What is the thousands digit of o(-10)?
1
Let v(l) = l + 10. Let a be v(-8). Suppose 0 = -5*o - 10, -g + a*o + 34 = -0*g. What is the units digit of g?
0
Suppose 4*b + 14*s = 10*s + 2032, 4*s + 2016 = 4*b. What is the tens digit of b?
0
Let d be 4/(4/10 + 208/(-495)). Let t = d + 281. What is the units digit of t?
3
Let u(l) = 5*l**3 + 2*l**2 - 1. Let k be u(1). Suppose -2*g = -k*g + 104. What is the tens digit of g?
2
Let r(b) = -b**3 - 63*b**2 + 112*b - 189. What is the tens digit of r(-65)?
8
Let t(b) = 32*b**3 + 14*b**2 - 14*b + 7. Let x be t(4). Suppose 2*o = 5*h - 61 - 2, -2*o = 3*h + 23. What is the tens digit of (-4)/6*x/o?
7
Suppose 0 = 12*t - 8*t + 192. Let h = 91 + t. What is the tens digit of h?
4
Let n = 1 + -8. What is the tens digit of (-555)/(-35) + (-1)/n?
1
Let x(c) = c**2 - 4*c - 12. Let d = 51 + -28. Suppose 4*b = 13 + d. What is the tens digit of x(b)?
3
Suppose 40420 = 24*y - 2900. What is the hundreds digit of y?
8
Let q(y) = 4*y**2 - 336. Let b be q(0). Let t = b - -499. What is the tens digit of t?
6
Suppose -2*w - 156 = -5*t + 3*t, 0 = -4*w + 2*t - 312. Let d = 154 + w. What is the units digit of d?
6
Suppose -40*w = 11*w - 182886. What is the tens digit of w?
8
Let q(j) = -23*j - 396. What is the units digit of q(-27)?
5
Suppose 0 = -361*n + 376*n - 51345. What is the units digit of n?
3
Suppose -14*p - 1 = -3*t - 9*p, 0 = -t + 3*p - 1. Let s = -5 + 7. Suppose t*r + 1 = -s*u - 3, -r - 3 = 0. What is the units digit of u?
1
Let u = 1847 - 1250. What is the units digit of u?
7
Let s(p) = 17*p**2 - 25*p - 40. What is the units digit of s(-15)?
0
Let p = -7934 + 13594. What is the units digit of p?
0
Let t be 5 - (-78 - 3) - -3. Let f = 119 - t. What is the tens digit of f?
3
Let x = 3523 - 1300. What is the hundreds digit of x?
2
What is the tens digit of 1301 + 2 + (-11 - -3)/2?
9
Let n be 156/(-10)*(2 + (7 - 4)). Let m = 172 + n. What is the units digit of m?
4
Suppose -37*p = -25*p - 5472. What is the units digit of p?
6
Suppose 14 = -7*f + 5*f - 4*b, -12 = 3*b. What is the hundreds 